culate (24 + (-79 - -28) - -11) + -1 + 13 + 0.
-4
What is 2 + (35 - (-49 + 57))?
29
Evaluate 2 + (-3 + -1 - 0) + (78 - -34 - 66).
44
What is (-721 - -869) + -90 + -2?
56
What is (-10 - (69 - 10)) + 47?
-22
(-12 - (1 + -41 + 1 + 6)) + -6
15
Calculate (5 - -1 - -71 - 8) + (0 - 12).
57
What is (0 + 7 - (44 - 31) - 5) + -2 + -7?
-20
What is -13 - ((-7 - 0) + (43 - (37 - 7)))?
-19
What is (-37 - (-39 + 33)) + 9 + -54?
-76
(1 + -3 - 3) + (-68 - -17) + 64
8
Calculate 20 + (17 - (-2 - (-18 + -60))).
-39
Evaluate -37 - 8 - -34 - 7.
-18
Calculate 21 + -12 + (-27 - -12) - -23.
17
What is the value of 23 + -6 + 12 - (3 + 2 + (-2 - 10))?
36
Calculate (9 + (-16 - -7 - -11) - 23) + (-1 - -1).
-12
Evaluate 5 + -28 + (3 - -3) + -1 + -2.
-20
Calculate -28 - (-7 + 10 + -20) - (8 + 1).
-20
What is the value of 9 - ((14 - (7 + -3)) + (-11 - 1 - -69))?
-58
Calculate (21 - 57) + 125 - (-12 + 0 + 0).
101
19 + (3 - 7) + -9 - 117
-111
Calculate (-21 - 0 - 4) + (16 - (3 - 1)) - 54.
-65
Calculate -31 + (15 - (-2 + (3 - 17) - -23)).
-23
9 - (-56 + (-4 - -13) + 12)
44
Evaluate 14 + 16 - (70 - 29) - 81.
-92
What is -15 - (-23 + 41 + -18 - -16 - 35)?
4
Calculate (-2 - -2) + -2 + (48 - 51) + 9.
4
Evaluate 3 - 14 - 17 - 30.
-58
Evaluate (15 - 2) + (-56 - -60) + -6 + -26.
-15
What is -19 + 19 - 22 - (-17 - (21 + 3))?
19
What is -28 + (15 - -22) - (-4 + 25)?
-12
Calculate -51 - (38 - 32) - -7.
-50
Calculate (-6 + (79 - 31) - (-8 + 0)) + (-2 - -13).
61
What is -46 + 39 - ((-14 - -18) + -55 - (2 + 1))?
47
(-9 - -4) + (10 - (-3 + 11)) - 21
-24
What is 3215 - 3238 - ((2 - 24) + 1)?
-2
(147 - (-161 + 324)) + 121 + 0 + 2
107
What is -24 + 0 + -120 + (203 - 105)?
-46
What is 49 + -144 + (101 - 89)?
-83
What is the value of -31 + (-31 - -1 - (36 + -169))?
72
Evaluate -16 + 17 + (-23 - -6 - (-13 + (-1 - -4))).
-6
67 + -1 + -90 + 4 + 10 + 1
-9
Calculate (43 - (44 - (153 - 75))) + (0 - 1 - 7).
69
What is -34 - (281 - 324 - (-30 - -1))?
-20
Evaluate (-2 - 10) + (25 + (0 - 72) - (-9 - 1)).
-49
-10 + 52 + -78 + 32
-4
1 - (-3 + -9 + -3) - 31
-15
What is (-24 - -7) + (22 - 53)?
-48
What is -16 + -10 + 58 + -29 + 30?
33
Calculate -125 + -144 + 133 - (-26 - -5).
-115
What is -62 + (79 - -68 - 41)?
44
-96 - -107 - (-6 - ((-3 - -1) + -31))
-16
Evaluate (0 - (-2 + 4 - (-6 + 18))) + -12.
-2
Evaluate -133 + 128 - (-11 + -2 + 4 + -4).
8
Calculate 872 + -810 + -37 + (8 - 18).
15
Calculate -23 - (-34 + 63 + -39).
-13
-3 + -8 - -10 - (-6 + -38)
43
Evaluate 12 - (1 + 1 + (-5 + 5 - -4) + -7).
13
Calculate -6 + (1 - -6 - 18) + 1 + 21 + -24.
-19
What is (-37 - -15) + -27 + 48?
-1
Evaluate -19 - -32 - ((3 - (-38 + -1)) + -2).
-27
Evaluate 0 + 24 + (121 - 131) + 20.
34
What is the value of 5 + -14 - -19 - (-14 + 70)?
-46
56 + (-6 - -3) + -8
45
What is -11 + 119 + (-33 - 8)?
67
209 - (39 + 175) - (0 + 32)
-37
Calculate -276 + -46 + 91 + 124.
-107
-4 + (15 - 37) + 41 - (-12 + 1)
26
What is -51 + (-12 - (-15 + (4 - -2 - 17) + 19))?
-56
Calculate 0 + -20 - 1 - (16511 - 16505).
-27
Calculate (-22 + -12 + 32 + -10 - (-12 + 1)) + -85.
-86
Evaluate -134 + 51 - -37 - -45.
-1
What is -155 + 83 + (-127 - -163)?
-36
26 + -39 - (27 + (-8 - -5) + 3)
-40
What is 30 + -57 + 54 + -34?
-7
What is -8 + 2 - (-125 + 13 - -23)?
83
Calculate (-18 - -50 - -25) + -115.
-58
Evaluate -63 + 154 + (127 - 223) + (1 - 2 - -135).
129
Calculate -139 - -166 - (33 - 105).
99
15 + 15 - 37 - -34
27
-17 - (22 - (28 - (18 - -5)))
-34
(14 + -12 - 24 - 9) + -7 + 3
-35
Evaluate -24 + 93 + (4 - 14) + -24.
35
What is the value of -60 + (-12 + 8 - -12) + -13?
-65
What is 103 - (-2 + (-6 - 6 - -10) + (-10 - 0))?
117
What is -57 + 36 - (-56 + -16) - (-1 - 4)?
56
What is -48 + (-129 + 54 - -32)?
-91
Calculate -85 + 0 - (2687 + -2850).
78
What is 11 + (-3 - 8 - (-3 + 2))?
1
Evaluate -2 - (-4 + 2) - -3 - (-80 + 125 + -37).
-5
Evaluate 13 - (-16 + -1 - (-21 - (62 - 70))).
17
(1 - -1) + -282 + 306 + -20
6
What is 18 + -26 + 25 + -35 + 76?
58
-1 + 13 - ((1 - -8 - 9) + 8)
4
Calculate 74 + -58 + (-79 + -2 - -4) - 5.
-66
What is the value of 48 + (-60 - (-29 + -3)) - 23?
-3
What is the value of 32 + -4 - 1 - (10 - 20) - (5 - 0)?
32
Calculate (3 + 7 + -30 - -9) + -36 + -2 + 0.
-49
Evaluate (89 - 94) + 1 + -9 + 38 + 18.
43
What is 10 + 0 + -43 + -13 + 43?
-3
What is -2 + 6 + 3 + 0 + (-160 - (-43 - 98))?
-12
What is (83 - 45) + -64 - -54?
28
What is the value of -31 - ((-5 - (-2 - (-11 + 1))) + 0)?
-18
(33 + -53 - -25) + -21 - (1 + -3 + -7)
-7
Calculate (-24 + 7 - -13) + -17 - 11.
-32
What is the value of -4 + (0 - -1) + 99 + 83 + 39 + -122?
96
-103 + 362 + -350 + (-7 - -3) + (-4 - 0)
-99
Calculate -31 + 44 + -21 + 4 - 12.
-16
6 + -11 + -6 + (-101 - -84)
-28
Calculate (-52 - (33 - 82)) + 0 + -15 + 11.
-7
-74 + 7 + 55 - (1 - 35)
22
What is the value of (-1 - 0) + 7 + (-32 - -16 - -16) + -37?
-31
Calculate -89 - ((-9 - -140) + -123).
-97
(51 - 50) + (-7 - -40 - -8)
42
Evaluate (26 - 64 - -72 - 15) + 25 + 2.
46
What is the value of 38 + -13 - (-9 + 5 - -7 - -3)?
19
Calculate (1 - 24) + -116 + 279 + -165.
-25
What is (4 - -22) + (-2 + -3 - (-37 - -24))?
34
What is the value of -10 + (-11 - (4 - 36) - -23)?
34
Evaluate 145 + -163 - (-13 - 14).
9
What is the value of -2 + ((-2 - 30) + (-128 - -73) - (0 + 13))?
-102
Evaluate (-12 - 156 - -106) + 123.
61
Evaluate (-10 - 3 - (-195 + 214)) + 66.
34
Evaluate (38 - 42) + (-34 - (-5 - -2)) + 1 + -15.
-49
Evaluate 3 + (-1 - -1) - (2 - (36 + -31)).
6
(-80 - (23 - 28)) + 26 - -20
-29
Calculate 21662 + -21680 + (-29 - (2 + -1)).
-48
Evaluate -51 + -2 + (19 - (-11 + 28 + -1)).
-50
What is 2 + (-32 - (-8 - -21) - (2 - 16))?
-29
Calculate -14 - (-160 + 130 - (2 - (0 + 22))).
-4
Calculate -5 + (-13 - (13 + -19) - -20).
8
What is the value of (7 - 31) + 11 + (-44 + 43 - (-1 - -45))?
-58
Evaluate -2 - (-24 - -8) - (-12 + 11).
15
What is the value of 426 + -372 + -31 + 4?
27
-4 + -50 + -1 + (-735 - -749)
-41
Evaluate -26 + -4 + 14 + 41 + (-11 + 3 - -1).
18
Calculate -9 - -3 - (-3 + -3 + 8 + 31).
-39
37 + (21 + -18 - 12 - -11)
39
Calculate -2 - (-2 + 3) - (53 + -7 - (-1 - 9)).
-59
What is (1 - 7 - (7 + 2 + -2)) + 3?
-10
Evaluate 12 + -8 + 0 + -16 + 10 - 70.
-72
What is the value of -2 + 27 + -105 + (36 - -53) - (-1 + -76)?
86
What is the value of -10 + -12 + 2 + -10 - (3 + -11)?
-22
21 - 0 - (199 - 223) - -11
56
What is (-9 - -50) + -2 + -11 - 9 - -8?
27
What is 29 + (-72 - -11) + 14 + 43?
25
Evaluate -8 + 5 + 25 - 14 - (20 - -4).
-16
(7 - 23) + 8 + (-14 - -32)
10
What is 71 + 24 + 81 + -148?
28
Calculate -2 - (-8 + -7 + 3 - 3) - (-16 - -9).
20
What is (5 - (20 - 25)) + -8 + 5?
7
What is (-56 + -1 - (2 - 0)) + (26 - -60) + -77?
-50
What is 9 + 32 - (173 + -143)?
11
Evaluate (24 + -3 - 13) + -36 - -16.
-12
What is the value of -17 - (-84 - -84 - (1 + -29))?
-45
What is the value of 23 - (0 - (-13 + 0 + -13 + 21))?
18
Evaluate (11 - -4) + 26 + (5 - -8).
54
What is -15 - (20 - 23) - (19 + -26)?
-5
(6 - -13 - -2) + -15 + -12
-6
What is the value of (-5 - -18) + -4 - ((-15 - -6) + 8) - -60?
70
Calculate (135 - (110 - 26)) + -3 + 6.
54
What is the value of 60 + (4 - 18 - -7) + 96 + -101?
48
(-47 - -30 - -33) + 12
28
What is -122 - -94 - (-48 - -59)?
-39
Evaluate 153 + (-261 - -195 - (1 - 27)).
113
Evaluate 131 - (117 - 70 - -32).
52
What is the value of (-5 - 9 - -4) + 893 + -915?
-32
-92 - (4 + -8) - ((-19 - -14) + 9 - 9)
-83
Evaluate -1 - -64 - (-26 - (-17 + (-19 - (18 + -36)))).
71
Calculate -51 - (-52 - (46 + -47)).
0
What is 34 + (110 - 70) - 18?
56
(37 - -5) + -40 + (-11 - (5 - 3)) + -54
-65
(20 - 74) + 12 + 51
9
5 - ((26 - -16 - (-2 + -17)) + -18)
-38
What is the value of ((6 - 0) + (-54 - -24 - -16) - -54) + -4?
42
53 + -46 + 10 + -21 + -2
-6
-3 - (-15 + -3 - (-116 + 90)) - -80
69
-9 - (4 - (-5 - -11)) - (-66 + 1)
58
What is the value of (-1 - 2 - -2) + 13 + -1 + 12 + -39?
-16
What is the value of 40 + -8 - 19 - (-8 + (6 - -2 - 28))?
41
What is the value of -112 - (-57 + -7 + -6)?
-42
What is 20 - (13 + (79 - (6 + 26)))?
-40
Calculate 442 + -408 + (-2 - -11).
43
What is (4 - -3) + -1 + 6 - 5 - -4?
11
(22 + -15 - 4) + -48 - ((0 - 3) + -5)
-37
What is the value of 5 + (-14 - (2 + -3 + 6 - (-69 - -78)))?
-5
What is the value of -5 + 10 + -25 + (806 - 834)?
-48
Calculate (1 - 20) + (-202 + 49 + 15 - -30).
-127
-12 + (0 - -16 - 4) + -13 + 10